tors of j.
2, 13
Suppose 0 = -4*s + 11*s - 21. Suppose -4*c + 205 = 2*q + s*q, 3*c = 5*q + 145. List the prime factors of c.
2, 5
Let k be ((-12)/42)/(2/(-28)). Let a(l) = 11*l - 9. List the prime factors of a(k).
5, 7
Let z = -18 - -19. List the prime factors of ((0 - -1)*z)/((-4)/(-100)).
5
Let n(l) = -l**3 - 19*l**2 + 11*l + 11. What are the prime factors of n(-21)?
2, 331
Let u(g) = -3*g - 3. Let y be u(-8). Let j = -12 - y. Let w = j + 58. List the prime factors of w.
5
List the prime factors of (-6 + 11 + -4)/((-1)/(-1190)).
2, 5, 7, 17
Suppose -4*z + 5888 = 4*w, 17*z + 1469 = w + 15*z. What are the prime factors of w?
1471
Let y(d) = 2*d**2 - 4*d + 9. Let t = 8 - 4. List the prime factors of y(t).
5
Suppose -149 = -3*a + 4*f, -5*a + 4*a + 63 = -4*f. Let v = a + 28. List the prime factors of v.
71
Let o(a) = a + 23. Let w be (-32)/10 - -3 - 108/10. List the prime factors of o(w).
2, 3
Let h(b) be the third derivative of 7*b**5/30 - b**3/6 - 3*b**2. Let q be h(-1). Let j = q - -11. What are the prime factors of j?
2, 3
Let k = 6 + -3. Suppose k + 13 = -4*a. Let q(z) = -z**2 - 4*z + 4. What are the prime factors of q(a)?
2
Let w = -11 - -31. What are the prime factors of ((-270)/(-50))/(6/w)?
2, 3
Let o(y) = y**3 + 14*y**2 + 24*y - 8. What are the prime factors of o(-11)?
7, 13
Let p(v) = 0*v - 2 + 0 - 5*v + 1. Let i be p(-6). Let w = i + -17. List the prime factors of w.
2, 3
Let j(o) be the third derivative of -o**4/8 + o**3/3 - 6*o**2. What are the prime factors of j(-1)?
5
Let x(n) = -n + 0 + 5 - 3*n. Let r be x(-7). Suppose 0 = -l - j + 24, -14 = -3*l + 2*j + r. List the prime factors of l.
19
Let o(n) = -n + 1. Let h be o(9). Suppose 2*x = 2*j + 672, -2*x - 2359 = 5*j - 693. What are the prime factors of (-5)/(-20) + j/h?
2, 3, 7
Let v(h) = 14*h**2 - 3*h + 1. What are the prime factors of v(-5)?
2, 3, 61
Let k be ((-64)/(-12))/(((-1)/(-15))/1). Suppose -26*m + 34*m = k. List the prime factors of m.
2, 5
Suppose -y = h + 5, 4*y + 0*y - 16 = 2*h. Let u be (18/(-5))/(h/20). Let z = u + -8. What are the prime factors of z?
2
Let h = -2144 + 3890. What are the prime factors of h?
2, 3, 97
Suppose 0 = 6*s - 28 - 8. Suppose -s + 61 = o. What are the prime factors of o?
5, 11
Suppose 12*c - 4*c = 5*c. Suppose -i + h = -c*i - 199, 0 = 5*h - 20. What are the prime factors of i?
7, 29
Let u = -3653 + 7271. List the prime factors of u.
2, 3, 67
Let r(y) be the third derivative of y**6/120 - y**5/20 - y**4/2 + 3*y**3/2 + 9*y**2. Let w(u) be the first derivative of r(u). List the prime factors of w(6).
2, 3, 5
Let m be 18/54 - (-386)/(-6). Suppose -2*z = -4*p + 464, 0 = 2*p + p + 5*z - 322. Let j = m + p. What are the prime factors of j?
2, 5
Let g = 41 + -33. Suppose 7*p = g*p - q - 5, -4*q - 16 = -2*p. List the prime factors of p.
2
Suppose -3*c = p - 14, -p = -0*p + 2*c - 10. Suppose 8 = p*n, -o = -3*n + 8 - 1. Suppose 0 = 2*r, -22 = -4*u - o*r + 62. What are the prime factors of u?
3, 7
Suppose 4*k = 20, 0 = -a - 2*a + 4*k - 14. Let f be 30/9 - (-4)/(-60)*5. Suppose 0 = -x + f*r, -6*x + 11 = -a*x - r. List the prime factors of x.
3
Suppose -4*q - 20 = 4*d, d - 3*d = -q + 1. What are the prime factors of (-30)/(-35)*(1 + d + 15)?
2, 3
Suppose 2*x - 3*p = 1, 2*x = -3*x - 4*p + 14. Suppose 2*o - x*h = h + 2, 5*o + h = 22. List the prime factors of (-12)/o + (60 - -3).
2, 3, 5
Suppose 210 = 3482*l - 3477*l. What are the prime factors of l?
2, 3, 7
List the prime factors of ((-64)/(-40))/(3/270).
2, 3
Suppose z - 2993 = -4*y, y - 787 = 4*z - 60. List the prime factors of y.
3, 83
Suppose -7*h + 8564 = -3504. What are the prime factors of h?
2, 431
What are the prime factors of 1/((-7110)/(-1776) - 4)?
2, 37
Let m = 14 - 11. Let g be -4 - m*(-3)/(-9). Let w(x) = -5*x - 5. What are the prime factors of w(g)?
2, 5
Suppose 3*n = n + 56. List the prime factors of (-6)/21 - (-792)/n.
2, 7
Suppose -3*o - 1 = -5*c + 6, c = -2*o + 4. Suppose -2*r + 42 = y, -67 = -4*y + c*r + 51. List the prime factors of y.
2
Let s(g) = g + 14. Let y be s(-9). Suppose -u - 108 = -y*r, 3*u - 4*u + 46 = 2*r. Let l = r + -7. List the prime factors of l.
3, 5
Suppose 0 = 4*a - 0*a - 4. Suppose -4*f - 7 = -h + 4*h, -h - a = 2*f. Let o = 0 + f. What are the prime factors of o?
2
Suppose 219148 = 50*c + 23098. What are the prime factors of c?
3, 1307
Suppose -16*j - 924 = -y - 15*j, 3*y - 2*j - 2769 = 0. What are the prime factors of y?
3, 307
Let p(x) = -x**3 - 4*x**2 - 3*x - 6. Let f be p(-4). Let r = f + -3. What are the prime factors of r/(-2)*(-64)/6?
2
Suppose -1 - 2 = -h. List the prime factors of (322/h)/(1/3*2).
7, 23
Let g(x) = x**3 - 2*x**2 - 10*x + 13. Let i be g(3). Let n(m) be the third derivative of -m**4/24 + m**3/2 - 2*m**2. What are the prime factors of n(i)?
11
Let u(k) be the third derivative of -k**5/20 - k**4/24 + 5*k**3/6 + k**2. Let w be u(-4). Let a = w + 67. What are the prime factors of a?
2, 7
List the prime factors of -8 + -5 + (116 - -7).
2, 5, 11
Let d(s) = 27*s + 44. Suppose -13 = -15*r + 77. What are the prime factors of d(r)?
2, 103
What are the prime factors of (269 - -4) + -4 - 4/2?
3, 89
Let g be 363/3 - (-5)/(-1). Let j = 320 - g. What are the prime factors of j?
2, 3, 17
Let a(l) = -16*l**2 - 4*l - 4. Let c be a(-3). Let b be (4 + c)*3/(-9). Let t = 68 - b. What are the prime factors of t?
2, 3
Suppose -d + 16 = -5*k - 20, 4*k + 48 = -4*d. List the prime factors of 3 + 2 + k - -13.
2, 5
Let d = 24 + -26. List the prime factors of (-5)/(d/20*1).
2, 5
Let i(h) = 36*h. Let c be i(2). Let m = -22 + c. What are the prime factors of m?
2, 5
Let q = 62 - 41. Let i = q - 14. List the prime factors of i.
7
Suppose 0 = 3*n + 3. What are the prime factors of (72/16)/(n/(-4*1))?
2, 3
Let u(a) = 9*a + 1. Let n be u(1). Let j be 4/10 - (-7)/(-5) - 7. What are the prime factors of 48/n*(j + 13)?
2, 3
Let y = 1 + -44. Let u = y - -65. List the prime factors of u.
2, 11
Suppose -5*n + 9565 = -5*v, -v + 4*v = 0. List the prime factors of n.
1913
Let z(m) = -717*m + 4. List the prime factors of z(-1).
7, 103
Let w(y) = 54*y**2. Suppose 69 + 11 = 4*n. Suppose -3*h + 4*u + n = 5, 0 = -5*h - 4*u - 7. List the prime factors of w(h).
2, 3
Let z(i) = -i - 5. Let r be z(6). Let w be (2/(-6))/(r/99). Suppose -4*b - 2*x + 76 + 222 = 0, 0 = 4*b + w*x - 293. What are the prime factors of b?
7, 11
Let m(n) = 42*n**3 + 18*n**2 + 3*n - 18. What are the prime factors of m(5)?
3, 211
Let d(l) = 49*l**3 + 11*l**2 + l + 5. Let v(p) = 73*p**3 + 16*p**2 + p + 7. Let b(f) = -7*d(f) + 5*v(f). What are the prime factors of b(1)?
23
Let w = -41 + 26. Suppose -3*r + 10 = 2*j, -5*j - 4*r + 51 = -3*r. Let u = j - w. What are the prime factors of u?
2, 13
Suppose -7*v + 32 = -24. Let f = -8 + v. Suppose 2*b = -5*k - f*k + 237, 0 = 2*k - 3*b - 91. What are the prime factors of k?
47
Let z = 181 + 216. List the prime factors of z.
397
List the prime factors of 810/(-12)*224/(-12).
2, 3, 5, 7
Let h = -13 - -25. Let v be h*1*(4 + -3). Suppose -1 = q - v. What are the prime factors of q?
11
Let c(f) be the second derivative of -f**5/20 + 7*f**4/12 + 4*f**3/3 + 5*f**2/2 - 26*f. List the prime factors of c(8).
5
Let r(v) = -v**3 + 6*v**2 - 3. Let x(j) = -3*j + 5. Let a be x(-3). Let q = a + -9. List the prime factors of r(q).
2, 11
Suppose -1095 - 448 = -4*q - n, 2*n - 1546 = -4*q. What are the prime factors of q?
5, 7, 11
Let u(r) = r**2 - r. Let c be u(1). Suppose 3 = -c*g + g. Suppose -120 = -6*s + g*s. What are the prime factors of s?
2, 5
Let x(q) = -q**3 - 45*q**2 + 80*q + 115. List the prime factors of x(-47).
773
Let h be -18*1/3*-2. Suppose -32*q + 27*q + 15 = 0. List the prime factors of (-8)/h + 20/q.
2, 3
Let b(c) = -2*c**3 + c**2 - 3*c - 2. Suppose -18 - 17 = 5*h - 5*t, 5*h = -5*t + 5. List the prime factors of b(h).
2, 5, 7
Let h be 0*2/(-4) + (-23 - -11). Let u(c) = c**3 + 14*c**2 + 17*c + 7. What are the prime factors of u(h)?
7, 13
Suppose 4*r - r = 0. Suppose -2*o = -r*o - 114. What are the prime factors of o?
3, 19
Let o(i) = -i**3 - 4*i**2 - 4*i + 1. Let z be o(-3). Suppose -t + 100 = 2*f, -z*f + 191 - 11 = -3*t. What are the prime factors of f?
2, 3
Let n(i) = 126*i + 34. List the prime factors of n(6).
2, 5, 79
Suppose 2*g + 2*g + 6 = 2*x, 0 = -2*g + 4*x - 6. List the 